{"id":1047,"date":"2014-08-03T18:30:11","date_gmt":"2014-08-03T16:30:11","guid":{"rendered":"http:\/\/cokoladnica-olimje.si\/product\/kamasutra-v-temni-cokolada-2\/"},"modified":"2021-11-03T11:09:56","modified_gmt":"2021-11-03T09:09:56","slug":"kamasutra-v-temni-cokoladi-2","status":"publish","type":"product","link":"https:\/\/cokoladnica-olimje.si\/?product=kamasutra-v-temni-cokoladi-2","title":{"rendered":"xxx Martinov lul\u010dek v temni \u010dokoladi"},"content":{"rendered":"<p>Temna \u010dokolada<br \/>\nSerstavina: kakavova masa, sladkor, emulgator lecitin (E322), naravni enaka aroma vanilin, kakavovih delov najmanj 74%<\/p>\n<p>Lahko vsebuje sledi lupinastega, le\u0161nika in mleka.<\/p>\n","protected":false},"excerpt":{"rendered":"<p>Martinov lul\u010dek iz temne \u010dokolada.<\/p>\n<p>Vsebina:<br \/>\n&#8211; Temna \u010dokolada<\/p>\n","protected":false},"featured_media":1613,"comment_status":"closed","ping_status":"closed","template":"","meta":{"om_disable_all_campaigns":false,"kt_blocks_editor_width":"","_monsterinsights_skip_tracking":false,"_monsterinsights_sitenote_active":false,"_monsterinsights_sitenote_note":"","_monsterinsights_sitenote_category":0,"_uf_show_specific_survey":0,"_uf_disable_surveys":false},"product_brand":[],"product_cat":[51],"product_tag":[],"class_list":{"0":"post-1047","1":"product","2":"type-product","3":"status-publish","4":"has-post-thumbnail","6":"product_cat-cokoladne-tablice","8":"first","9":"outofstock","10":"taxable","11":"shipping-taxable","12":"purchasable","13":"product-type-simple"},"aioseo_notices":[],"_links":{"self":[{"href":"https:\/\/cokoladnica-olimje.si\/index.php?rest_route=\/wp\/v2\/product\/1047","targetHints":{"allow":["GET"]}}],"collection":[{"href":"https:\/\/cokoladnica-olimje.si\/index.php?rest_route=\/wp\/v2\/product"}],"about":[{"href":"https:\/\/cokoladnica-olimje.si\/index.php?rest_route=\/wp\/v2\/types\/product"}],"replies":[{"embeddable":true,"href":"https:\/\/cokoladnica-olimje.si\/index.php?rest_route=%2Fwp%2Fv2%2Fcomments&post=1047"}],"wp:featuredmedia":[{"embeddable":true,"href":"https:\/\/cokoladnica-olimje.si\/index.php?rest_route=\/wp\/v2\/media\/1613"}],"wp:attachment":[{"href":"https:\/\/cokoladnica-olimje.si\/index.php?rest_route=%2Fwp%2Fv2%2Fmedia&parent=1047"}],"wp:term":[{"taxonomy":"product_brand","embeddable":true,"href":"https:\/\/cokoladnica-olimje.si\/index.php?rest_route=%2Fwp%2Fv2%2Fproduct_brand&post=1047"},{"taxonomy":"product_cat","embeddable":true,"href":"https:\/\/cokoladnica-olimje.si\/index.php?rest_route=%2Fwp%2Fv2%2Fproduct_cat&post=1047"},{"taxonomy":"product_tag","embeddable":true,"href":"https:\/\/cokoladnica-olimje.si\/index.php?rest_route=%2Fwp%2Fv2%2Fproduct_tag&post=1047"}],"curies":[{"name":"wp","href":"https:\/\/api.w.org\/{rel}","templated":true}]}}