{"id":1597,"date":"2014-09-10T17:52:31","date_gmt":"2014-09-10T15:52:31","guid":{"rendered":"http:\/\/cokoladnica-olimje.si\/izdelek\/temna-cokolada-z-ingverjem\/"},"modified":"2024-09-26T16:15:45","modified_gmt":"2024-09-26T14:15:45","slug":"temna-cokolada-z-ingverjem","status":"publish","type":"product","link":"https:\/\/cokoladnica-olimje.si\/?product=temna-cokolada-z-ingverjem","title":{"rendered":"Temna \u010dokolada z ingverjem"},"content":{"rendered":"<p>Temna \u010dokolada z ingverjem<br \/>\nSestavina: kakavova masa, ingver, sladkor, emulgator lecitin (E322), naravni enaka aroma vanilin,<br \/>\nkakavovih delov najmanj 74%.<\/p>\n<p>Lahko vsebuje sledi lupinastega sadja, mleka in le\u0161nika<\/p>\n","protected":false},"excerpt":{"rendered":"<p>\u017dlahtna temna \u010dokolada z dodatkom ingverja. Temna \u010dokolada s edinimi sestavinami kakavova masa (74%), sladkor (25%), sojin licitin in aroma vanilije (1%). \u010cokolada je edinstvena in ob\u010dutite pravo temno \u010dokolado s 74% kakavovih delcev. Primerno za osebni u\u017eitek.<\/p>\n<p>Vsebina:<br \/>\n&#8211; Temna \u010dokolada<br \/>\n&#8211; Ko\u0161\u010dki ingverja<\/p>\n","protected":false},"featured_media":0,"comment_status":"closed","ping_status":"closed","template":"","meta":{"om_disable_all_campaigns":false,"kt_blocks_editor_width":"","_monsterinsights_skip_tracking":false,"_monsterinsights_sitenote_active":false,"_monsterinsights_sitenote_note":"","_monsterinsights_sitenote_category":0,"_uf_show_specific_survey":0,"_uf_disable_surveys":false},"product_brand":[],"product_cat":[51],"product_tag":[],"class_list":{"0":"post-1597","1":"product","2":"type-product","3":"status-publish","5":"product_cat-cokoladne-tablice","7":"first","8":"outofstock","9":"taxable","10":"shipping-taxable","11":"purchasable","12":"product-type-simple"},"aioseo_notices":[],"_links":{"self":[{"href":"https:\/\/cokoladnica-olimje.si\/index.php?rest_route=\/wp\/v2\/product\/1597","targetHints":{"allow":["GET"]}}],"collection":[{"href":"https:\/\/cokoladnica-olimje.si\/index.php?rest_route=\/wp\/v2\/product"}],"about":[{"href":"https:\/\/cokoladnica-olimje.si\/index.php?rest_route=\/wp\/v2\/types\/product"}],"replies":[{"embeddable":true,"href":"https:\/\/cokoladnica-olimje.si\/index.php?rest_route=%2Fwp%2Fv2%2Fcomments&post=1597"}],"wp:attachment":[{"href":"https:\/\/cokoladnica-olimje.si\/index.php?rest_route=%2Fwp%2Fv2%2Fmedia&parent=1597"}],"wp:term":[{"taxonomy":"product_brand","embeddable":true,"href":"https:\/\/cokoladnica-olimje.si\/index.php?rest_route=%2Fwp%2Fv2%2Fproduct_brand&post=1597"},{"taxonomy":"product_cat","embeddable":true,"href":"https:\/\/cokoladnica-olimje.si\/index.php?rest_route=%2Fwp%2Fv2%2Fproduct_cat&post=1597"},{"taxonomy":"product_tag","embeddable":true,"href":"https:\/\/cokoladnica-olimje.si\/index.php?rest_route=%2Fwp%2Fv2%2Fproduct_tag&post=1597"}],"curies":[{"name":"wp","href":"https:\/\/api.w.org\/{rel}","templated":true}]}}